0) - (1175 - 1163)) + 60?
63
What is the value of (-36 - -27 - 18) + 53?
26
Evaluate -59 - (35 - (98 + -45)).
-41
Calculate -13 + 5 - (3 - (9 + 10 + 1)) - 54.
-45
What is the value of 20 - (62 + (-17 - (-12 + 4)))?
-33
What is (84 - 66 - -18) + -75?
-39
Evaluate 0 - -32 - (113 + (-275 - -136)).
58
-16 + (-12 + 6 - 49) + 4
-67
Calculate -4 + -22 + 19 + 37 - (0 + -3).
33
-118 - (-39 + (21 + -1 - 1) - -14)
-112
What is the value of -1 + (-2 + 26 + -1 - (-28 - (31 + -74)))?
7
What is 37 + 0 - (294 + -255)?
-2
Evaluate 17 + -18 - (-39 + 15 + 24).
-1
What is -27 + (5 + 0 - (59 + -13 + -31))?
-37
What is (174 - 45) + -89 - 68?
-28
What is the value of 22 + 2 + 23 + -8 + -10 + -18?
11
Calculate 49 - (35 - 38 - -8).
44
Evaluate 14 + 56 + 49 - 80.
39
What is the value of -3 + (-5 - (1 - (12 - 24 - -11)))?
-10
Evaluate -52 + (78 - 34 - -19).
11
What is -13 - (106 - 82 - -39 - (14 + 1))?
-61
-8 - (133 - (-6 - -57))
-90
What is the value of (2 - -29) + (-9 - 38)?
-16
Calculate 22 + -2 + 3 + -20 + (20 - 41).
-18
What is 34 - ((-23 - -64) + 5) - 18?
-30
51 - (5 + 22 + -37 + 27)
34
-4 + 6 + -17 + 7 - (-17 - (-7 - 57))
-55
What is the value of 16 + -26 + 38 + 93 + (4 - 4)?
121
What is -135 + 125 - (12 + -3 + 113 + -3)?
-129
-25 + 71 + 26 + -2 + -7 + -2 + -3
58
Calculate 49 + (-86 - -20) + -59.
-76
What is the value of -156 + (-23 - 0 - (2247 + -2304))?
-122
Calculate -48 + 165 - 126 - (-42 - -2).
31
(-111 - (-101 + -118)) + -75
33
(118 + -36 + -61 - (17 + 1)) + -3 + 1
1
What is -3 + -4 - (955 + -958)?
-4
What is -77 - -9 - (-90 - 24)?
46
What is the value of 3 + (5 + 1 - (4 - 9)) + -16 + -15?
-17
-47 + (9 + -22 + 10 + -7 - (-6 - 5))
-46
What is the value of (-849 - -857) + (-19 + -1 - -1) + 34?
23
What is -152 + 126 + (-14 - -9 - ((4 - 0) + -1))?
-34
Evaluate 0 - -7 - (-89 - (-3 - 104)).
-11
40 - (111 - 24) - (5 - (2 + -9))
-59
What is the value of 53 - (49 - (91 + -61))?
34
What is 10 - (7 - 11) - -101 - 24?
91
Evaluate -17 + 102 + -57 + -11.
17
What is 3 + 4 + -2 - (149 + -158)?
14
What is 5 + 56 + -9 - (212 + -190)?
30
-53 + 2 + (-45 - (-95 - -38))
-39
-4 + -90 + 102 + (25 - -1) + 4
38
What is the value of (-3 + 4 + (-1 - -12) - 9) + -34?
-31
-7 - 1 - (172 - 221)
41
Calculate 1 + -19 - (-2043 - -2031).
-6
What is (2 + -4 - -9) + 23 + -48 + 51 - -11?
44
Evaluate -68 + 101 + (-12 - (1 - -55)).
-35
What is 49 + 0 + (8125 - 8117)?
57
Evaluate 289 - 261 - (11 - 0) - 1 - -9.
25
What is -74 + (11 - (10 - (2 + (21 - (6 + 6)))))?
-62
Evaluate (2 - -5 - 52) + (-39 - -40) + -7.
-51
What is the value of ((-13 - 1) + 5 - 23) + (-152 - -146)?
-38
Evaluate (-8 - -30 - 99) + 107.
30
What is the value of 10 + (8 - (-9 - (-13 + -1))) - 6?
7
Calculate 48 - (58 - (-10 + 38)) - (1 - -38).
-21
12 + 38 + -2 + -1 + (25 + -20 - -10)
62
What is the value of 6 - (-186 + 193) - (-3 + 1 - (0 + 46))?
47
What is (-18 - (123 + -15 - -21)) + 10 + 7?
-130
Evaluate -3657 + 3675 + (62 - (-2 - (2 + -5))).
79
Calculate (14 - (2 + -4 + 25)) + -16.
-25
Calculate -36 + 41 - (3 + 16) - (8 + 1).
-23
Calculate (-17 - -79) + (-8 + -3 + 2 - -5).
58
Calculate -8127 + 8130 + (16 + 1 - 2).
18
Calculate (-25 - -47 - 34) + 38.
26
(10 - 2) + (0 - (-20 + 7) - 71) + 0
-50
What is the value of -14 + -48 - -19 - -32?
-11
-8 + -2 + 103 + -389 + 205
-91
Calculate (9 - 4) + (-78 - -53 - (-7 + 15)).
-28
Evaluate 46 + (-1 - (18 - -20) - -16).
23
Calculate -47 + 90 + (-49 - -81).
75
Calculate (0 - (14 + -19)) + -1 + -29 + -1.
-26
What is the value of (-81 - -40 - -64) + (-172 - -9)?
-140
Evaluate (0 + 37 - (-748 + 758)) + -22.
5
Calculate 17 - (11 + -8) - 17 - (11 + 2 + -3).
-13
Calculate (-46 - 46) + 108 + (-5 - (-2 + 5 + 70)).
-62
Calculate (-110 - -34) + -44 - -23.
-97
Evaluate 5 + (-2 - 11 - (38 - 11)).
-35
Calculate 45 + (-15 - (74 - 154)).
110
What is the value of (76 + -67 - 63) + 84?
30
What is the value of 2 + -76 + (72 - 51) + -19 - 5?
-77
Calculate (6 - (15 - 5) - (382 + -395)) + (10 - 0).
19
Calculate (68 - -2) + 0 + 8233 + -8253.
50
Evaluate (24 + (52 - 87) - (-1 + 14)) + 8.
-16
Evaluate 52 + -69 + 32 + 4.
19
What is -77 + 5 + (98 - 43)?
-17
-32 - (-31 + -6) - -27
32
(-49 - 4) + 29 + -15 + -20 - -18
-41
Calculate -53 - (28 - (18 - -28) - 4).
-31
What is (-10 - (-51 + 35)) + -37 + -2 - 2 - 10?
-45
What is (8 - (2 + 1 - 2)) + (-150 - (-49 + 52))?
-146
Evaluate (7 - -15) + -18 + (-74 - (10 - (4 + 2))).
-74
What is the value of 17 + 1 + (18 - 4 - -3)?
35
What is 7 + 115 - (141 + 63)?
-82
Evaluate -3 + ((-7 - 18) + 14 - (-3 + -26 + -2)).
17
What is 18 + -2 + 11 + (196 - 222)?
1
Evaluate -70 - ((-26 + -27 - -58) + (12 - -1)).
-88
Calculate 5008 + -5003 + 18 + (0 - (-1 + 0)).
24
Evaluate -49 + 10 + -21 + 27 + (2 - (12 + -5)).
-38
Evaluate -7 + ((-3 - (-2 + -7 + -1)) + -46 - 2).
-48
What is the value of -224 - -212 - (-18 + 6)?
0
Evaluate (-50 - 0) + (190 - 195 - -3).
-52
Calculate 16 + 27 + -127 + 49.
-35
What is (-1 + 21 + -15 - -7) + 5?
17
Calculate (-9 - -5) + 26 + -9 - 24.
-11
-18 + 3 - -46 - (4 + -1)
28
(-57 - (0 - (12 + -23))) + 16 + -7
-59
What is the value of -32 - ((-11 + 3 - -1) + 13)?
-38
What is -16345 - -16328 - (-3 + 1 - (2 - -152))?
139
9 + (-5 - -2) + (27 - (-48 - -42))
39
What is the value of (0 - 0 - -16) + (-728 - -688)?
-24
Calculate (776 - 784) + (1 - -1 - (-11 + 1)) + 90.
94
What is the value of (6 - (-17 + 7 - 18 - -12)) + 0?
22
What is the value of 1 + 35 + 223 + -267 + -1 + -6?
-15
What is -1 + 0 - -3 - -29 - (1907 + -1921)?
45
What is (-4 - (11 - (88 + -39))) + -107?
-73
What is the value of 43 + 14 + -49 - 59?
-51
What is -10 + (404 - 414) + 0 + 27?
7
What is (937 - 794) + -10 + -77?
56
Calculate 3 + 24 + 7 + -27 - (-9 + 7).
9
Calculate 3429 - 3445 - (-7 + -3 + 4).
-10
Evaluate -123 - (-19 - (-44 + -2 + 18 + 11)).
-121
(-102 - -45) + (-4 - -115)
54
What is 4 - 14 - -5 - (-78 - -16)?
57
Evaluate -19 + (4 - 4 - 9) + 8.
-20
What is the value of -21 - -1 - (365 - 374) - (-1 + 20)?
-30
What is the value of (-8 - (-26 + -2) - -21) + 24?
65
Calculate 1 + -4 + -1 + 13 + -30 + 35 + -86.
-72
Calculate (-12 - (11 + -23 + 14 - 28)) + -66.
-52
Calculate -16 - (13 - (-1 - -10) - 6) - -27.
13
Evaluate 7 - -5 - (12 + -10 - 0).
10
What is the value of (-13 + 66 - 59) + -10?
-16
Calculate 31 + (2 - 12) + -15 + -46 + -1.
-41
Calculate 9 - -5 - (11 + -25 + 5 + 16).
7
Calculate -57 - ((-21 - -1) + 92 + -89).
-40
What is the value of 47 - (-2 + 3 + (-8 - -7 - 4 - -8))?
43
-41 - (3 + (-63 - 12)) - 29
2
Calculate 15 + -35 + 10 + 8 + -24.
-26
Calculate (-1 - -17) + 140 + -71 + -43.
42
What is the value of -62 - (-136 - -104) - (0 - 20)?
-10
Evaluate -11 - (1 + -6 - (121 + -66)).
49
What is -132 + 69 + 60 + 19 + -1?
15
What is -97 + 110 + (105 - 101)?
17
21 + 12 + (-38 - -25)
20
What is the value of (1 - -20 - 7) + -9 + -22 - 15?
-32
What is 11 + -7 + 6 + 4 + (0 - 11) + -6?
-3
Calculate 63 + -63 + -37 + -24.
-61
Calculate ((5 - (17 - 1)) + 24 - 20 - -7) + 13.
13
Evaluate 69 + (-32 - (-3 + -19) - 3).
56
What is (10 - (20 + -15 + 4)) + 1 + -5 - 51?
-54
Calculate (5 - 24 - -145) + 19 - (-2 - (-7 - -5)).
145
Calculate 30 - 8 - (-27 + 3 - -116).
-70
-1 + -5 + -1 + -1 + (7 + -2 - 11)
-14
Calculate (39 - (-15 + -44 + 42)) + (-1 - 0) + -1.
54
84 + 64 + -155 - (0 + -2)
-5
What is the value of (9 + -6 - 4) + (6 + (-6 - -2) - -4)?
5
Calculate 142 + (-219 - -135 - 48).
10
Evaluate -15 - (2 + -49 + (-23 - (-42 + 12))).
25
Calculate 19 - -139 - (189 + -73).
42
-2 + 3 + -34 - (-7 + 15 + -4)
-37
What is the value of 48 + 0 + 54 + -77 + 37?
62
(62 - 66) + 78 - 7
67
What is 124 + -122 + (-20 - 6)?
-24
Evaluate (-1043 - -952) + 0 + 77.
-14
What is -67 - (-12 - (-68 + 22) - 1)?
-100
-126 + 12 + 99 + (-3 + 1 - 47)
-64
Evaluate 75 - ((63 - 75) + 10).
77
What is the value of 53 - (-19 - (1 + -21 + 0) - (0 + -4))?
48
What is the value of (45008 - 45092) + 72 + 1?
-11
(-1 - 5 - -63) + -74
-17
What is -33 + 27 + (24 - -35) + 16?
69
What is (3 - -20) + (1387 - 1369)?
41
Calculate 30 + (-19 - (33 - 39)).
17
Calculate 18 + -3 + 64 + (-124 - 18).
-63
-28 - (-4 - (-10 + (8 - (-19 + 9))) - -17)
-33
Evaluate -8 + 23 - (-12 - (-4 - 0)) - -11.
34
What is the value of (-3 - 4) + (0 + -11 - ((-31 - -18) + 8))?
-13
Calculate (3 - -2) + (-1 - (3 + 7 + -10)).
4
Evaluate -11 + -5 + 32 - (149 + 25 + -20).
-138
Calculate (142 - -1 - -1) + 56 + 19 +